te?
False
Let h = 2873 - 134. Suppose c = -4*i + h, 10514 + 382 = 4*c + 4*i. Is c prime?
True
Suppose 5*h - 2951 = 3*h - 5*z, h - 1483 = -z. Suppose -3*l + h = -2667. Is l prime?
False
Let w(z) = -16*z**3 - 6*z**2 - 4*z + 9. Let o be w(-7). Suppose 4 = -4*r, -2*t + 1949 + o = -2*r. Is t prime?
False
Let p(r) = -r**2 + 7*r - 6. Let n be p(6). Suppose -4*v + 1 = -11, n = 4*w + 3*v - 41. Suppose -w*t + 598 - 190 = 0. Is t prime?
False
Suppose 0 = 4*l + 9 - 105. Let s = 25 - l. Is s + -2 + (-4900)/(-5) composite?
True
Let a = -95 + 79. Let t be a/32 + (-57862)/(-4). Suppose 18*j - 7*j = t. Is j a prime number?
False
Suppose -4*k - 13878 = -3*k + 3*s, 0 = 4*k + 3*s + 55503. Let q = k - -24902. Is q a prime number?
True
Let l(f) = 60*f + 14. Let w be l(7). Let d = -788 + w. Is 4/(-8)*((-4 - -2) + d) composite?
True
Let c(h) = h**2 + 20*h - 92. Let j be c(-24). Is (-61160)/(-16) + j/8 prime?
True
Suppose -40 = 3*t - 46. Let b(u) = 810*u**3 - 2*u**2 - 3. Is b(t) a prime number?
True
Let l = 49 - 35. Suppose 778 = l*i - 12*i. Suppose -t + 3*y = -i - 731, -5*t = 4*y - 5543. Is t a composite number?
True
Let l(s) = -16*s**2 - 11*s + 25. Suppose -55 = 4*o - 9*o. Let j be l(o). Is j/(-48) + 4/6 a composite number?
False
Is 42/28*18724514/51 a prime number?
True
Let s = 101 - 96. Suppose -4*q + 11043 = -s*r, 2*r - 6044 - 2267 = -3*q. Is q composite?
False
Is 4*(-1)/(-3) + 156570/90 a composite number?
False
Let h = -6439 - -10086. Is h prime?
False
Suppose -c - 1 - 7 = 0. Let d be (2298/4)/(4/c). Let a = 1666 + d. Is a a prime number?
False
Let w(t) = 9996*t - 37. Is w(6) prime?
False
Is (5 - 64/12)*(-1 + 1 + -827889) composite?
False
Let y = 37 - 291. Let b = 147 + -146. Is y/(3 + -5)*b a prime number?
True
Let j(z) = -z**3 + 8*z**2 + 5. Let v be j(8). Let a = 3 + v. Suppose 0 = -4*m + a*m - 452. Is m a prime number?
True
Let g = -654 - -444. Let x = g + 1265. Is x a composite number?
True
Let b(a) = 20*a**3 + 4*a**2 + a + 7. Let o be (-168)/14*(10/(-4) + 2). Let p be b(o). Let v = 6291 - p. Is v a composite number?
True
Let n(x) = 26262*x**2 + 11. Is n(-2) composite?
True
Let z = 135447 - 92626. Is z prime?
True
Suppose -9*o + 1531 = 370. Let u be (-1)/((-12)/(-8))*3 - o. Let x = u + 544. Is x a composite number?
True
Let o be 36/24 + 18379/2 + -5. Suppose -n + 4*n = 12, 2*c - 2*n = o. Is c a prime number?
True
Is (-1 - (0 + 1))*(-17 - 2367330/28) a composite number?
False
Let s(f) be the third derivative of f**6/120 + f**5/6 + 13*f**4/24 + 3*f**3 - 6*f**2. Let i be s(-9). Is (-2536)/i - 19/(-171) a composite number?
True
Let z(l) = -l**3 + 5*l**2 - 2*l - 27. Let m be z(0). Is ((-9)/m)/(0 + 2/21858) prime?
True
Let x(j) = -j**3 + 3*j**2 + 1. Let q(p) = 2*p**3 + p**2 + p - 8. Let r(c) = q(c) - 4*x(c). Is r(7) prime?
False
Let j(c) = 3550*c + 4031. Is j(6) composite?
True
Suppose 457632018 = -120*r + 652*r - 281096266. Is r prime?
True
Let c = -294997 - -530346. Is c a composite number?
False
Let p be (-23068 + 7)*(-4)/12. Suppose w - 4*i = 1529, -w + 6*w + i - p = 0. Is w a prime number?
False
Let v = 246074 - -17367. Is v prime?
False
Let o(x) = 133*x**2 - 5*x + 11. Suppose -w + 14 = w. Suppose -14 - w = -7*g. Is o(g) a prime number?
True
Suppose -f - 167108 = -a - 27860, -4*a - 4*f = -556984. Is a composite?
True
Let b be (-6)/(-2)*(1 - 0/3). Suppose h = -11*l + 10*l + 5649, 0 = b*l + 5*h - 16955. Is l a composite number?
True
Let p = 147766 - 92453. Is p composite?
False
Suppose 0 = -3*p - 4*h + 4 + 9, -3*h - 34 = -4*p. Suppose p*q - 38688 = 79745. Is q a prime number?
False
Suppose 58 = -2*t - 5*r, 4*t + 4*r + 88 = 8*r. Suppose -26 + 10 = 2*b. Is (-1)/b + (-7365)/t composite?
False
Let n(u) = -23*u**3 + 15*u**2 + 25*u + 11. Let m(w) = -22*w**3 + 17*w**2 + 26*w + 11. Let t(s) = 5*m(s) - 6*n(s). Is t(6) prime?
True
Suppose -2*b + b - 2*k + 33592 = 0, -2*b = -5*k - 67148. Suppose -d - 15*d = -b. Is d composite?
False
Let y = 7256 - -963. Suppose 4*r = 3*n - y, 2*n - 8025 = -5*r - 2538. Is n a composite number?
False
Let v(k) = k**2 - k + 780. Suppose -121*x = -116*x. Let q be v(x). Let o = q + -194. Is o a prime number?
False
Let c(s) = s**3 + 6*s**2 - 19*s - 20. Let v be c(-8). Suppose 5113 = v*o - g, 0*o - 5131 = -4*o - 5*g. Is o a composite number?
False
Suppose 7*q - 2539738 = 3*q - 78822. Is q composite?
False
Let b be (-2659)/(-1) + 144/24. Suppose 0*r - 13*r + b = 0. Is r a prime number?
False
Is 12/4 + -12 + 11 - (-14 + -80947) a prime number?
True
Let n(w) = -1234*w + 1483. Is n(-21) a prime number?
True
Let t(y) = -y**3 + 26*y**2 + 2*y + 29. Let c(i) = -5*i**2 + 38*i - 3. Let w be c(7). Is t(w) a prime number?
True
Let q(g) = 4*g**2 - 18*g + 145. Let y be q(28). Let a = -1336 + y. Is a a prime number?
False
Let k be ((-459)/(-6))/(-3)*(-2 - 0). Let f = -36 + k. Let p = 184 + f. Is p prime?
True
Suppose 99*c - 18341584 - 7837679 = 0. Is c prime?
True
Let g be (1/10*6)/((-2)/(-10)). Suppose g*h + 1741 - 4711 = 0. Let u = h + 179. Is u a prime number?
False
Suppose 4*h - 1992484 = 3*f, 10*h - 3207307 = 5*f + 1773923. Is h composite?
True
Let a = 161 - 29. Let z = a + -138. Let x(c) = -1304*c + 11. Is x(z) composite?
True
Let d = 2 - -46. Suppose -d*s - 12 = -42*s. Is ((-662)/6)/(51/27 + s) a prime number?
False
Let q(s) = -5*s - 16. Let t be q(-7). Suppose t*o = 14*o + 3445. Is o a composite number?
True
Suppose v - 5*t - 160455 = 0, -2*t + 148018 = v - 12423. Is v composite?
True
Let r be 1/(-10)*-6 - (-6)/15. Is (436/12)/(r + (-28)/30) prime?
False
Is ((-443547)/12 + -1)*(-124 + 120) prime?
True
Let x(y) = y**2 - y + 32. Let k be (-320)/48*1*24/(-10). Let b be x(k). Suppose -559 = -2*g + 3*o, -g + 3*o + 0*o + b = 0. Is g a composite number?
True
Let z(y) = 20*y - 50*y**2 - 47 + 38*y**2 + 26*y**2. Is z(-23) prime?
True
Let j = -34 - -36. Suppose 0 = j*f - 996 + 5828. Let p = -1367 - f. Is p composite?
False
Let n(w) = -w - 1. Let d be n(-8). Let o(x) = 845*x - 3. Let h be o(d). Suppose -390 - h = -2*l. Is l composite?
True
Let g be (25/(-50))/(2/(-4)). Suppose 3*f + g = 3*i - f, i = f + 1. Is i/9*9 + 1303 a prime number?
False
Suppose 478818 = 141*b - 63609. Is b a prime number?
True
Suppose -8715 = -z + 4*b, 7*b - 4*b + 26145 = 3*z. Suppose -3*p = -2*q + 1831 + z, 5*q - 26365 = -2*p. Is q prime?
True
Suppose 5*p = -5*y + 9300, 0 = 5*y + 2*p - 7752 - 1563. Is y a composite number?
True
Suppose -2*k = 3*k - 131920. Let z be k/(-24)*(-1 + (-2)/4). Suppose z = 5*r + o - 3*o, -2*r = o - 665. Is r prime?
True
Suppose -4*b - 6*w + 134280 = -10*w, 67112 = 2*b + 2*w. Is b a prime number?
True
Let z(q) = -1213*q + 5. Let d be z(-4). Let f = -106 + d. Is f a prime number?
True
Let s = 17990 + 8419. Is s a prime number?
False
Suppose -4*f = 57 + 43. Let x be (f/(-5) + -526)*(-1)/1. Let o = x + -358. Is o a prime number?
True
Let y(g) = 510*g**2 + 211*g - 18. Is y(17) a composite number?
False
Suppose 3*b - 2*l - 456610 = 220813, 2*b - 451628 = -5*l. Is b a composite number?
False
Let d be (0 - 1) + 0 - -21. Suppose -1064 = 35*i + 3055 - 127704. Suppose i = -17*g + d*g. Is g composite?
True
Let m = -32 + -38. Let u = m + 11. Let s = u - -216. Is s a prime number?
True
Suppose 54*f - 48*f + 15732 = 0. Let g = f - -5255. Is g prime?
True
Suppose -2 = -27*r + 29*r. Is 5 - (0 - (1041 - (r - -5))) prime?
False
Let f = -19 + 21. Suppose 5*t - f = 13. Suppose 4*p = -4*w + 11436, -5*w = t*p - w - 8577. Is p composite?
True
Let y(k) = -3*k**2 - 103*k - 36. Let x be y(-34). Is (-105835 + x)*(-20)/60 composite?
False
Let x(p) = p**2 - 24*p + 46. Let u be x(22). Suppose 3*m - 4*c = 7*m - 24, c - 8 = -u*m. Suppose 3*k - 435 = -2*v, -m*k + 3*v - 724 = -7*k. Is k prime?
False
Let d(a) = 471*a**3 + 2*a**2 - 36. Is d(5) a composite number?
False
Is (-14396 - 1)/((3/(-2))/((-777)/(-42))) prime?
False
Let v be (10672/12)/((-4)/(-6)). Suppose 424 = 6*t - v. Is t composite?
False
Suppose -14*d + 681285 - 241979 = 0. Is d a prime number?
True
Let w be 3020 + 1 - (-2)/1. Suppose -912 - 96 = -b - z, -3*b + w = 4*z. Is b a composite number?
False
Let m(y) be the third derivative of 7*y**5/60 + 2*y**4/3 - 3*y**3/2 + 13*y**2. Is m(-12) composite?
True
Let f(c) = 5*c - 105. Let l be f(21). Suppose l = 6*j + 8480 - 60926. Is j prime?
True
Suppose -487107 = -5*x + 2*g, -62*x + 6*g = 